{"id":11287,"date":"2026-03-26T16:29:12","date_gmt":"2026-03-26T16:29:12","guid":{"rendered":"https:\/\/www.crilumaviaggi.com\/offerte\/?post_type=product&#038;p=11287"},"modified":"2026-03-27T08:37:34","modified_gmt":"2026-03-27T08:37:34","slug":"napoli-costiera-amalfitana-e-pompei-dal-05-al-07-giugno-2026","status":"publish","type":"product","link":"https:\/\/www.crilumaviaggi.com\/offerte\/prodotto\/napoli-costiera-amalfitana-e-pompei-dal-05-al-07-giugno-2026\/","title":{"rendered":"Napoli, Costiera Amalfitana e Pompei (dal 05 al 07 Giugno 2026)"},"content":{"rendered":"\t\t<div data-elementor-type=\"wp-post\" data-elementor-id=\"11287\" class=\"elementor elementor-11287\">\n\t\t\t\t<div class=\"elementor-element elementor-element-59b689bc e-flex e-con-boxed e-con e-parent\" data-id=\"59b689bc\" data-element_type=\"container\" data-e-type=\"container\">\n\t\t\t\t\t<div class=\"e-con-inner\">\n\t\t\t\t<div class=\"elementor-element elementor-element-146553f2 elementor-widget elementor-widget-text-editor\" data-id=\"146553f2\" data-element_type=\"widget\" data-e-type=\"widget\" data-widget_type=\"text-editor.default\">\n\t\t\t\t\t\t\t\t\t<p class=\"cvGsUA direction-ltr align-justify para-style-body\"><strong><span class=\"a_GcMg font-feature-liga-off font-feature-clig-off font-feature-calt-off text-decoration-none text-strikethrough-none\">1\u00b0giorno: Napoli<\/span><\/strong><\/p><p class=\"cvGsUA direction-ltr align-justify para-style-body\"><span class=\"a_GcMg font-feature-liga-off font-feature-clig-off font-feature-calt-off text-decoration-none text-strikethrough-none\">Partenza dalla sede della Criluma Viaggi di Ancona alle ore 06:00. Sosta per il pranzo libero durante il viaggio. Arrivo nel primo pomeriggio e visita guidata della zona monumentale di Napoli con il Maschio Angioino, la vasta Piazza del Plebiscito, il Teatro San Carlo, la Galleria Umberto I, tradizionale luogo di ritrovo cittadino, gli esterni del Palazzo Reale, grandioso edificio d&#8217;epoca aragonese. <\/span><span class=\"a_GcMg font-feature-liga-off font-feature-clig-off font-feature-calt-off text-decoration-none text-strikethrough-none\">Ingresso e visita guidata per il Cristo Velato.\u00a0<\/span><span class=\"a_GcMg font-feature-liga-off font-feature-clig-off font-feature-calt-off text-decoration-none text-strikethrough-none\">Rientro in Hotel per cena e pernottamento.<\/span><\/p><p>\u00a0<\/p><p class=\"cvGsUA direction-ltr align-start para-style-body\"><em><span class=\"a_GcMg font-feature-liga-off font-feature-clig-off font-feature-calt-off text-decoration-none text-strikethrough-none\">Napoli \u00e8 una citt\u00e0 vibrante e ricca di storia. Il Maschio Angioino, un imponente castello medievale, domina la vista del porto. Piazza del Plebiscito, vasta e maestosa, \u00e8 il cuore della citt\u00e0, circondata dal Teatro San Carlo, il pi\u00f9 antico teatro d&#8217;opera in Europa, e dalla Galleria Umberto I, un elegante centro commerciale coperto da una spettacolare cupola di vetro. Inoltre il Museo Archeologico, uno dei pi\u00f9 importanti al mondo, conserva tesori inestimabili dell&#8217;antica Roma e Pompei, offrendo un viaggio indietro nel tempo.<\/span><\/em><\/p><p class=\"cvGsUA direction-ltr align-start para-style-body\"><em><span class=\"a_GcMg font-feature-liga-off font-feature-clig-off font-feature-calt-off text-decoration-none text-strikethrough-none\">Curiosit\u00e0: Il Teatro San Carlo \u00e8 il pi\u00f9 antico teatro d&#8217;opera in Europa ancora attivo, fondato nel 1737. Napoli \u00e8 anche famosa per la sua pizza, con la tradizionale &#8220;Pizza Margherita&#8221; che prende il nome dalla Regina Margherita di Savoia.<\/span><\/em><\/p><p>\u00a0<\/p><p class=\"cvGsUA direction-ltr align-justify para-style-body\"><strong><span class=\"a_GcMg font-feature-liga-off font-feature-clig-off font-feature-calt-off text-decoration-none text-strikethrough-none\">2\u00b0giorno: Costiera Amalfitana<\/span><\/strong><\/p><p class=\"cvGsUA direction-ltr align-justify para-style-body\"><span class=\"a_GcMg font-feature-liga-off font-feature-clig-off font-feature-calt-off text-decoration-none text-strikethrough-none\">Prima colazione in hotel. Partenza per il porto di Salerno, incontro con la guida (intera giornata) ed imbarco sul battello per Positano, la pi\u00f9 significativa delle citt\u00e0 costiere. Arrivando dal mare \u00e8 possibile contemplarla in tutta la sua bellezza. Pranzo ad Amalfi. Nel pomeriggio si raggiunger\u00e0 Amalfi, la pi\u00f9 antica delle Quattro Repubbliche Marinare. Passeggiata nel centro storico con le caratteristiche case bianche, arroccate sulla montagna, i balconi fioriti e il Duomo, la chiesa pi\u00f9 conosciuta della Costiera Amalfitana. Nel tardo pomeriggio rientro al porto di partenza. Rientro in hotel. Cena e pernottamento.<\/span><\/p><p>\u00a0<\/p><p class=\"cvGsUA direction-ltr align-start para-style-body\"><em><span class=\"a_GcMg font-feature-liga-off font-feature-clig-off font-feature-calt-off text-decoration-none text-strikethrough-none\">Arrivare a Positano via mare \u00e8 come entrare in un dipinto vivente. Le case color pastello sembrano scendere in picchiata verso le acque cristalline, creando un quadro di incomparabile bellezza. Le stradine strette, i negozi di moda e le spiagge accoglienti rendono Positano una destinazione affascinante, dove ogni angolo racconta una storia di eleganza e serenit\u00e0.<\/span><\/em><\/p><p class=\"cvGsUA direction-ltr align-start para-style-body\"><em><span class=\"a_GcMg font-feature-liga-off font-feature-clig-off font-feature-calt-off text-decoration-none text-strikethrough-none\">Amalfi, con la sua gloriosa storia come antica Repubblica Marinara, offre un&#8217;esperienza unica. Passeggiando tra le case bianche arroccate sulla montagna e i balconi fioriti, si arriva al magnifico Duomo di Sant&#8217;Andrea, simbolo della citt\u00e0. Amalfi non \u00e8 solo bellezza architettonica, ma anche un luogo dove il mare e la cultura si fondono, creando ricordi indimenticabili.<\/span><\/em><\/p><p>\u00a0<\/p><p class=\"cvGsUA direction-ltr align-justify para-style-body\"><strong><span class=\"a_GcMg font-feature-liga-off font-feature-clig-off font-feature-calt-off text-decoration-none text-strikethrough-none\">3\u00b0giorno: Pompei<\/span><\/strong><\/p><p class=\"cvGsUA direction-ltr align-justify para-style-body\"><span class=\"a_GcMg font-feature-liga-off font-feature-clig-off font-feature-calt-off text-decoration-none text-strikethrough-none\">Prima colazione in hotel. trasferimento a Pompei, incontro con la guida e visita dei famosi Scavi di Pompei, antica citt\u00e0 romana, dove il tempo si \u00e8 fermato alla drammatica eruzione del 79 d.C. Pranzo in ristorante e nel pomeriggio partenza per il rientro ad Ancona.<\/span><\/p><p>\u00a0<\/p><p class=\"cvGsUA direction-ltr align-start para-style-body\"><em><span class=\"a_GcMg font-feature-liga-off font-feature-clig-off font-feature-calt-off text-decoration-none text-strikethrough-none\">Pompei \u00e8 un luogo dove la storia prende vita in modo drammatico. Gli scavi archeologici rivelano una citt\u00e0 romana perfettamente conservata sotto la cenere dell&#8217;eruzione del Vesuvio del 79 d.C. Passeggiando tra le strade lastricate, le case, i templi e gli anfiteatri, \u00e8 possibile immaginare la vita quotidiana degli antichi romani. Questo sito straordinario offre un&#8217;esperienza unica e toccante, che lascia una profonda impressione sui visitatori.<\/span><\/em><\/p><p class=\"cvGsUA direction-ltr align-start para-style-body\"><em><span class=\"a_GcMg font-feature-liga-off font-feature-clig-off font-feature-calt-off text-decoration-none text-strikethrough-none\">Curiosit\u00e0: Gli scavi di Pompei hanno rivelato dettagli affascinanti della vita romana, come affreschi vivaci, mosaici intricati e persino graffiti. Uno dei reperti pi\u00f9 toccanti \u00e8 il calco di un cane, ritrovato acciambellato nella cenere, che mostra l&#8217;impatto umano della tragedia.<\/span><\/em><\/p>\t\t\t\t\t\t\t\t<\/div>\n\t\t\t\t\t<\/div>\n\t\t\t\t<\/div>\n\t\t\t\t<\/div>\n\t\t","protected":false},"excerpt":{"rendered":"<p class=\"p1\"><strong>QUOTA INDIVIDUALE DI PARTECIPAZIONE<\/strong><\/p>\n<p><em><strong>Minimo 35 partecipanti<\/strong><\/em><\/p>\n<p><b>LA QUOTA COMPRENDE:<\/b><\/p>\n<ul>\n<li><span class=\"a_GcMg font-feature-liga-off font-feature-clig-off font-feature-calt-off text-decoration-none text-strikethrough-none\">Viaggio in pullman GT;<\/span><\/li>\n<li><span class=\"a_GcMg font-feature-liga-off font-feature-clig-off font-feature-calt-off text-decoration-none text-strikethrough-none\">Hotel **** con trattamento di mezza pensione bevande comprese;<\/span><\/li>\n<li><span class=\"a_GcMg font-feature-liga-off font-feature-clig-off font-feature-calt-off text-decoration-none text-strikethrough-none\">Battello: Salerno-Positano-Amalfi-Salerno;<\/span><\/li>\n<li><span class=\"a_GcMg font-feature-liga-off font-feature-clig-off font-feature-calt-off text-decoration-none text-strikethrough-none\">Guide come indicato in programma;<\/span><\/li>\n<li><span class=\"a_GcMg font-feature-liga-off font-feature-clig-off font-feature-calt-off text-decoration-none text-strikethrough-none\">Auricolari dove obbligatorio;<\/span><\/li>\n<li><span class=\"a_GcMg font-feature-liga-off font-feature-clig-off font-feature-calt-off text-decoration-none text-strikethrough-none\">Ingresso e visita Cristo Velato;<\/span><\/li>\n<li><span class=\"a_GcMg font-feature-liga-off font-feature-clig-off font-feature-calt-off text-decoration-none text-strikethrough-none\">Ingresso e guida di Pompei;<\/span><\/li>\n<li><span class=\"a_GcMg font-feature-liga-off font-feature-clig-off font-feature-calt-off text-decoration-none text-strikethrough-none\">Assicurazione medico bagaglio.<\/span><\/li>\n<\/ul>\n<p class=\"cvGsUA direction-ltr align-start para-style-body\"><b>LA QUOTA NON COMPRENDE:<\/b><\/p>\n<ul>\n<li><span class=\"a_GcMg font-feature-liga-off font-feature-clig-off font-feature-calt-off text-decoration-none text-strikethrough-none\">Supplemento singola \u20ac80,00 per tutto il periodo;<\/span><\/li>\n<li><span class=\"a_GcMg font-feature-liga-off font-feature-clig-off font-feature-calt-off text-decoration-none text-strikethrough-none\">Tutto quanto non indicato nella voce \u201cLa quota comprende\u201d;<\/span><\/li>\n<li><span class=\"a_GcMg font-feature-liga-off font-feature-clig-off font-feature-calt-off text-decoration-none text-strikethrough-none\">Tassa di soggiorno da regolare in hotel.<\/span><\/li>\n<\/ul>\n<p><span class=\"a_GcMg font-feature-liga-off font-feature-clig-off font-feature-calt-off text-decoration-none text-strikethrough-none\">Gli orari del presente programma sono indicativi.<\/span><\/p>\n","protected":false},"featured_media":11294,"template":"","meta":[],"product_brand":[148],"product_cat":[61],"product_tag":[119,194,193,62,63],"class_list":{"0":"post-11287","1":"product","2":"type-product","3":"status-publish","4":"has-post-thumbnail","6":"product_brand-criluma-viaggi","7":"product_cat-weekend-fuori-porta","8":"product_tag-119","9":"product_tag-costiera-amalfitana","10":"product_tag-giugno","11":"product_tag-napoli","12":"product_tag-pompei","14":"first","15":"instock","16":"shipping-taxable","17":"purchasable","18":"product-type-simple"},"_links":{"self":[{"href":"https:\/\/www.crilumaviaggi.com\/offerte\/wp-json\/wp\/v2\/product\/11287","targetHints":{"allow":["GET"]}}],"collection":[{"href":"https:\/\/www.crilumaviaggi.com\/offerte\/wp-json\/wp\/v2\/product"}],"about":[{"href":"https:\/\/www.crilumaviaggi.com\/offerte\/wp-json\/wp\/v2\/types\/product"}],"version-history":[{"count":8,"href":"https:\/\/www.crilumaviaggi.com\/offerte\/wp-json\/wp\/v2\/product\/11287\/revisions"}],"predecessor-version":[{"id":11314,"href":"https:\/\/www.crilumaviaggi.com\/offerte\/wp-json\/wp\/v2\/product\/11287\/revisions\/11314"}],"wp:featuredmedia":[{"embeddable":true,"href":"https:\/\/www.crilumaviaggi.com\/offerte\/wp-json\/wp\/v2\/media\/11294"}],"wp:attachment":[{"href":"https:\/\/www.crilumaviaggi.com\/offerte\/wp-json\/wp\/v2\/media?parent=11287"}],"wp:term":[{"taxonomy":"product_brand","embeddable":true,"href":"https:\/\/www.crilumaviaggi.com\/offerte\/wp-json\/wp\/v2\/product_brand?post=11287"},{"taxonomy":"product_cat","embeddable":true,"href":"https:\/\/www.crilumaviaggi.com\/offerte\/wp-json\/wp\/v2\/product_cat?post=11287"},{"taxonomy":"product_tag","embeddable":true,"href":"https:\/\/www.crilumaviaggi.com\/offerte\/wp-json\/wp\/v2\/product_tag?post=11287"}],"curies":[{"name":"wp","href":"https:\/\/api.w.org\/{rel}","templated":true}]}}